 n be g(-6). Suppose n = -16*b + 18*b. What is the highest common factor of b and 176?
44
Suppose 28*z = 5*k + 24*z - 5346, 4*k + 3*z - 4252 = 0. Let f be (k/(-39))/((-2)/27). What is the highest common factor of 41 and f?
41
Suppose -3*n = 5*v - 69, n - 65*v = -61*v + 40. What is the highest common factor of n and 14?
14
Let i(g) = 70*g + 1183. Let j be i(-8). What is the greatest common divisor of 445 and j?
89
Let w be (-166)/(-1411) - 504/(-51). Calculate the greatest common factor of w and 890.
10
Let o(r) = 3661*r + 11. Let f be o(1). What is the greatest common divisor of 51 and f?
51
Let w(y) = 3*y**2 + 174*y - 6294. Let t be w(56). Calculate the highest common divisor of 6 and t.
6
Let b = -3118 + 3228. Let c(q) = -10*q. Let w be c(-1). Let s be b/(w/(-3) - -4). Calculate the highest common divisor of 15 and s.
15
Suppose -m = 4*i - 311, 9*m = -2*i + 5*m + 152. Suppose -8*f = -14*f + i. What is the highest common divisor of 611 and f?
13
Let i be 3*(-9)/((-108)/(-4)). Let r = 33 + i. Calculate the highest common factor of r and 20.
4
Let d be (21/(-18))/((-6)/1476). Let l = -199 + d. What is the greatest common factor of l and 77?
11
Let w(z) = z**3 + 13*z**2 + 8*z + 29. Let q be w(-12). What is the greatest common divisor of q and 55?
11
Let m(u) = -4*u**3 - 2*u**2 - 12*u - 36. Let x be m(-8). What is the greatest common factor of x and 297?
99
Let z be (-66*6/(-90))/(2/5). Suppose 87 = z*u - 441. Calculate the highest common factor of u and 60.
12
Let n = -625 - -1095. Suppose n*i + 5 = 475*i. Calculate the highest common factor of i and 32.
1
Let a(b) = 14*b - 6. Let q be a(5). Suppose -85*i + 91*i = 24. Suppose -i*g + 307 = -77. What is the highest common factor of q and g?
32
Let y(c) = -139*c - 3362. Let r be y(-26). What is the greatest common factor of r and 1064?
28
Let t(n) = -n**3 + 9*n**2 - 2*n - 24. Suppose 101 = 5*o + 66. Let j be t(o). Calculate the greatest common factor of j and 15.
15
Suppose -6*o + o = -20. Suppose -s + 3 + o = 0. Calculate the greatest common factor of 7 and s.
7
Let q be (68 + -3)*(-4)/20. Let f(s) = -s**3 - 6*s**2 + 90*s + 14. Let i be f(q). What is the greatest common divisor of 9 and i?
9
Suppose 3*b + 7 + 17 = 0. Let y = b + 21. Let p be (-10)/(-1)*(13/2)/y. Calculate the greatest common factor of 5 and p.
5
Let q(y) = 1474*y**2 - 3*y + 4. Let f = -569 + 570. Let z be q(f). Calculate the highest common divisor of 25 and z.
25
Let p be 169 - (-2 + 1) - (-38)/95*-10. What is the highest common factor of p and 2158?
166
Suppose -2 = -0*x + 2*x, -2*l - x + 1315 = 0. Suppose -51*a - 213 + 413 = -514. What is the greatest common factor of a and l?
14
Let k = -1184 + 1512. What is the greatest common factor of 16 and k?
8
Let v(h) = -h**2 + 98*h - 1456. Let g be v(59). Calculate the greatest common divisor of 40 and g.
5
Let c = 34941 - 34361. What is the greatest common factor of c and 7395?
145
Let j = -400 + 405. Suppose -5*d = -j*p - 430, 9*d - 5*d - 349 = 5*p. Calculate the highest common factor of 108 and d.
27
Suppose 70 = 3*v - 92. Let p(j) = -j + 1. Let x be p(-17). Let y be 4/x - -94*78/v. What is the greatest common divisor of y and 34?
34
Let a be 3/6*(-1 + 3). Suppose 3*o - 4 = 2*o, 4*o = -s + 48. Calculate the highest common divisor of a and s.
1
Let w(b) = -b**3 + 61*b**2 - 173*b + 92. Let k be w(58). What is the greatest common divisor of k and 1475?
25
Suppose -346*p + 350*p = 2*w - 7938, w - 3*p = 3977. Calculate the greatest common factor of 236 and w.
59
Let t(j) = j**2 - 2*j - 5. Let i be t(4). Let c be i + (-3 + 2 - -3). Let f = -10616 - -10641. What is the greatest common divisor of f and c?
5
Let i be (-3 - -2 - 0)/(-2 - -3) + 408. Calculate the greatest common factor of i and 2331.
37
Suppose 11*w = 899 - 283. Suppose 0 = 4*x - 28 - w. Calculate the highest common divisor of x and 28.
7
Let g(j) = j - 21. Suppose -4*q + x = -78, -x = 5*q - 47 - 46. Let c be g(q). Let f(h) = -4*h**3. Let p be f(c). What is the highest common factor of p and 64?
32
Suppose -18*h - 2*h = -40. Suppose 3*b = -5*a + 766, h*a - 4*b = b + 294. Calculate the highest common divisor of a and 8.
8
Let a(n) = -n**2 - 7*n - 6. Let f(d) = -2*d + 9*d + 4*d + d**2 + 4 - 2*d. Let g be f(-8). Let b be a(g). What is the greatest common divisor of 9 and b?
3
Let a = 6683 + -6223. What is the highest common factor of 520 and a?
20
Let c(h) = 551*h + 616. Let x be c(-1). What is the highest common factor of x and 13715?
65
Let o = 65 + -109. Let i = -41 - o. Calculate the greatest common divisor of i and 30.
3
Let d(o) = 3*o**2 + 5*o - 4. Let s be d(-2). Let c be (6/(-36)*2)/(s/186). Let t = -100 + 317. What is the highest common divisor of t and c?
31
Suppose 2*s + g = 37, 19 = 2*s - 4*g + 7. Suppose -6*i + 2232 = 186. Let v = i - 165. Calculate the greatest common divisor of v and s.
16
Let x(c) = -2*c**2 + 12*c + 39. Let y be x(8). Let f be (-2 + 1)*-2 + 1. Suppose r - y = f. Calculate the highest common factor of r and 10.
10
Let o = -682 - -1297. Calculate the greatest common divisor of 2050 and o.
205
Let t be 4/18 + (-244684)/(-603). Suppose t - 38 = 4*r. Calculate the greatest common factor of 345 and r.
23
Suppose -4*c - r = -6*r - 63, 0 = -c - r + 9. Suppose 28 = -5*n - c. Let u = 0 - n. Calculate the highest common factor of u and 20.
4
Suppose -33*y + 17143 + 26007 = -15524. Calculate the greatest common divisor of 14 and y.
14
Let v be 5667615/2020 - 18/(-8). What is the greatest common factor of 1014 and v?
78
Let s(r) = -4*r**2 - 151*r + 4982. Let x be s(21). Let l be 1080 + -2 + 1 + 2. Calculate the greatest common factor of x and l.
47
Let w be (57/(-9)*2)/((-2)/9). Suppose -3*r = -v - 87, -2*v = -3*r + w + 33. Calculate the greatest common divisor of 7 and r.
7
Let r = 355 + -323. Suppose 2*b - r + 5 = -3*y, -15 = 5*y. Calculate the greatest common divisor of b and 3.
3
Let n(q) = 9*q**2 - 127*q - 870. Let b be n(-6). What is the highest common divisor of 1824 and b?
24
Let r be 450/9 + (-272)/16. What is the highest common divisor of r and 2255?
11
Let s(m) = -m**3 + 33*m**2 - 21. Let n be s(32). What is the greatest common divisor of n and 119?
17
Let j = 99 + 63. Suppose -n = -j + 60. Calculate the greatest common factor of n and 34.
34
Let b be (5 - (-323)/3 - -1) + (-45)/27. What is the greatest common divisor of b and 3752?
56
Let n be (-6 + (-45)/5)*36/(-10). Suppose -10*o + n + 66 = 0. Suppose -4*l + 40 = 4*p - 12, p = -4*l + 25. Calculate the highest common factor of o and p.
3
Suppose 504 = -1052*q + 1060*q. Let h be (q/(-35))/(10/(-150)). Calculate the greatest common divisor of h and 216.
27
Suppose -22*w = -188*w + 22410. Calculate the highest common factor of w and 15.
15
Let g be (-4)/1 + 1*(2 + -43). Let i = 203 - g. Calculate the highest common factor of 31 and i.
31
Let y = 956 + -888. Let c be -2 - 17/(y/(-64)). Let l(u) = u**2 - u - 6. Let d be l(5). Calculate the highest common factor of c and d.
14
Suppose -666 - 430 = 4*h. Let d = -226 - h. Calculate the greatest common factor of d and 64.
16
Suppose 79 = 4*g + 43. Let f be 99/(((-36)/(-20))/g). What is the highest common divisor of f and 90?
45
Let m be (35/(-10))/((-1)/12). Suppose 0 = 2*y - 6, -6*y + 365 = q - y. Let f be ((-144)/180)/((-4)/q). Calculate the greatest common factor of f and m.
14
Let j be ((6/(-2))/(-3))/(6/18). Let q be 7/(21/2)*j. Suppose q*s - 182 = 42. Calculate the highest common factor of 16 and s.
16
Suppose 0 = 96*d - 290*d + 19442 - 2952. Suppose -5*n = 4*a - 158, 0 = 4*a + 9 + 3. What is the greatest common factor of n and d?
17
Let b be 40/1 - 0/1. Let p(x) = 52*x**2 - 3*x + 3. Let n be p(2). Let k = 210 - n. What is the highest common factor of b and k?
5
Let l(d) = 2*d**2 + 8*d - 12. Let f be l(-7). Suppose -21*v - 544 = -1594. What is the highest common divisor of v and f?
10
Suppose 0 = -3*c + 2*f + 114, -36 + 3 = -c - f. What is the greatest common divisor of c and 387?
9
Suppose 0 = -14*p + 20 + 8. Let j be ((-10)/(120/(-162)))/(p/4). Calculate the highest common factor of 36 and j.
9
Suppose 5*y = 3*c + 357, 133 = 2*y + c - 1. Suppose y - 189 = -2*a. What is the greatest common divisor of a and 90?
30
Let s(k) = 2*k**2 + 11*k + 16. Let c(b) = -16*b - 56. Let z be c(-3). Let t be s(z)